{"id":2,"date":"2020-10-29T20:16:17","date_gmt":"2020-10-29T20:16:17","guid":{"rendered":"http:\/\/masken-info.ch\/?page_id=2"},"modified":"2022-01-11T22:09:03","modified_gmt":"2022-01-11T22:09:03","slug":"sample-page","status":"publish","type":"page","link":"https:\/\/masken-info.ch\/","title":{"rendered":"Masken sind nachweislich unn\u00fctz und gef\u00e4hrden die Gesundheit, v.a.  von Kindern"},"content":{"rendered":"\n<p>Ab Januar 2021 gilt in vielen Kantonen wieder Maskenpflicht an den Schulen. Nun ab 1. Klasse, f\u00fcr 7-J\u00e4hrige. Die Regierung scheint dem Motto zu folgen: &#171;Wenn es nichts n\u00fctzt machen wir noch mehr davon.&#187; <br>Eine wissenschaftliche Basis fehlte von Anfang an. Der Aargauer Regierungsrat H\u00fcrzeler bringt die diebez\u00fcgliche Hilflosigkeit der Regierungen, den Nutzen der Maskenpflicht zu belegen, auf den Punkt, in dem er sagte, &#171;man finde alle Informationen im Internet&#187;.<br>Das ist falsch. Den alle seri\u00f6sen Studien u.a. von WHO, CDC und seit neustem der britischen Regierung zeigen keinen Nutzen der Maske.<br><br>Die Aussage, die Maske sch\u00fctze, l\u00e4sst sich wissenschaftlich nicht belegen, sie ist irref\u00fchrend, weil Maskent\u00e4ger glauben, gesch\u00fctzt zu sein, w\u00e4hrend das nicht der Fall ist. Die Maskenpflicht als Massnahme ist  <strong>falsch und auch gef\u00e4hrlich<\/strong>:<\/p>\n\n\n\n<ul class=\"wp-block-list\"><li>Wenn die Maske jemand sch\u00fctzen w\u00fcrde, w\u00e4re das eine andere Sache. Es gibt aber keinerlei wissenschaftliche Evidenz f\u00fcr den Nutzen der Alltagsmaske: Masken sch\u00fctzen nicht, sie geben nur einen Scheinschutz.<\/li><li>Regierung und BAG haben das Fehlen der wissenschaftlichen Basis immer wieder deutlich kommuniziert. Regierung und BAG haben nie kommuniziert, man habe neue Erkenntnisse erhalten und aufgrund dieser die Politik ge\u00e4ndert. <\/li><li>Es gibt zahlreiche Studien, die belegen, dass Masken keinen oder nur sehr geringen Nutzen haben.<\/li><li>Es gibt etliche Hinweise und Studien, die zeigen die Alltagsmaske die Gesundheit insbesondere von Kinder und Jugendlichen gef\u00e4hrdet.<\/li><\/ul>\n\n\n\n<p><\/p>\n\n\n\n<p>Folgende Themen werden auf dieser Seite behandelt:<\/p>\n\n\n\n<ol class=\"wp-block-list\"><li><a href=\"https:\/\/masken-info.ch\/index.php\/videos\/\">Videos  (u.a. von SRF, BAG  und Drosten) welche zeigen, dass immer klar war, dass Masken nicht n\u00fctzen. Diese sollen nicht vergessen werden!<\/a><\/li><li><a href=\"https:\/\/masken-info.ch\/index.php\/studien-welche-zeigen-dass-die-maske-nicht-hilft\/\">Studien, welche zeigen, dass die Maske nicht hilft.<\/a><\/li><li><a href=\"https:\/\/masken-info.ch\/index.php\/pro-maske-studien-debunked\/\">Gibt es eigentlich Pro-Maske-Studien? Eine \u00dcbersicht.<\/a><\/li><li><a href=\"https:\/\/masken-info.ch\/index.php\/studien-und-hinweise-zu-risiken-des-tragens-der-maske\/\">Studien und Hinweise zu Risiken des Tragens der Maske<\/a><\/li><li><a href=\"https:\/\/masken-info.ch\/index.php\/das-sagen-regierung-und-verbaende\/\">Stellungsname des BKS Kanton Aargau und vom Aargauer Lehrerverband alv.<\/a><\/li><\/ol>\n\n\n\n<p><\/p>\n\n\n\n<p class=\"has-text-align-center\"><sup>Herzlichen Dank an <a href=\"https:\/\/www.mslc.ch\" target=\"_blank\" rel=\"noreferrer noopener\">MSLC<\/a> f\u00fcr die Informationen zum Maskeninfo-Flyer &#171;<a href=\"https:\/\/masken-info.ch\/index.php\/flyer-schuetzen-wir-unsere-kinder\/\">Sch\u00fctzen wir unsere Kinder<\/a>&#171;<\/sup><\/p>\n<div class=\"pvc_clear\"><\/div><p id=\"pvc_stats_2\" class=\"pvc_stats all  \" data-element-id=\"2\" style=\"\"><i class=\"pvc-stats-icon medium\" aria-hidden=\"true\"><svg aria-hidden=\"true\" focusable=\"false\" data-prefix=\"far\" data-icon=\"chart-bar\" role=\"img\" xmlns=\"http:\/\/www.w3.org\/2000\/svg\" viewBox=\"0 0 512 512\" class=\"svg-inline--fa fa-chart-bar fa-w-16 fa-2x\"><path fill=\"currentColor\" d=\"M396.8 352h22.4c6.4 0 12.8-6.4 12.8-12.8V108.8c0-6.4-6.4-12.8-12.8-12.8h-22.4c-6.4 0-12.8 6.4-12.8 12.8v230.4c0 6.4 6.4 12.8 12.8 12.8zm-192 0h22.4c6.4 0 12.8-6.4 12.8-12.8V140.8c0-6.4-6.4-12.8-12.8-12.8h-22.4c-6.4 0-12.8 6.4-12.8 12.8v198.4c0 6.4 6.4 12.8 12.8 12.8zm96 0h22.4c6.4 0 12.8-6.4 12.8-12.8V204.8c0-6.4-6.4-12.8-12.8-12.8h-22.4c-6.4 0-12.8 6.4-12.8 12.8v134.4c0 6.4 6.4 12.8 12.8 12.8zM496 400H48V80c0-8.84-7.16-16-16-16H16C7.16 64 0 71.16 0 80v336c0 17.67 14.33 32 32 32h464c8.84 0 16-7.16 16-16v-16c0-8.84-7.16-16-16-16zm-387.2-48h22.4c6.4 0 12.8-6.4 12.8-12.8v-70.4c0-6.4-6.4-12.8-12.8-12.8h-22.4c-6.4 0-12.8 6.4-12.8 12.8v70.4c0 6.4 6.4 12.8 12.8 12.8z\" class=\"\"><\/path><\/svg><\/i> <img loading=\"lazy\" decoding=\"async\" width=\"16\" height=\"16\" alt=\"Loading\" src=\"https:\/\/masken-info.ch\/wp-content\/plugins\/page-views-count\/ajax-loader-2x.gif\" border=0 \/><\/p><div class=\"pvc_clear\"><\/div>","protected":false},"excerpt":{"rendered":"<p>Ab Januar 2021 gilt in vielen Kantonen wieder Maskenpflicht an den Schulen. Nun ab 1. Klasse, f\u00fcr 7-J\u00e4hrige. Die Regierung scheint dem Motto zu folgen: &#171;Wenn es nichts n\u00fctzt machen wir noch mehr davon.&#187; Eine wissenschaftliche Basis fehlte von Anfang an. Der Aargauer Regierungsrat H\u00fcrzeler bringt die diebez\u00fcgliche Hilflosigkeit der Regierungen, den Nutzen der Maskenpflicht &hellip; <a href=\"https:\/\/masken-info.ch\/\" class=\"more-link\"><span class=\"screen-reader-text\">Masken sind nachweislich unn\u00fctz und gef\u00e4hrden die Gesundheit, v.a.  von Kindern<\/span> weiterlesen<\/a><\/p>\n<div class=\"pvc_clear\"><\/div>\n<p id=\"pvc_stats_2\" class=\"pvc_stats all  \" data-element-id=\"2\" style=\"\"><i class=\"pvc-stats-icon medium\" aria-hidden=\"true\"><svg aria-hidden=\"true\" focusable=\"false\" data-prefix=\"far\" data-icon=\"chart-bar\" role=\"img\" xmlns=\"http:\/\/www.w3.org\/2000\/svg\" viewBox=\"0 0 512 512\" class=\"svg-inline--fa fa-chart-bar fa-w-16 fa-2x\"><path fill=\"currentColor\" d=\"M396.8 352h22.4c6.4 0 12.8-6.4 12.8-12.8V108.8c0-6.4-6.4-12.8-12.8-12.8h-22.4c-6.4 0-12.8 6.4-12.8 12.8v230.4c0 6.4 6.4 12.8 12.8 12.8zm-192 0h22.4c6.4 0 12.8-6.4 12.8-12.8V140.8c0-6.4-6.4-12.8-12.8-12.8h-22.4c-6.4 0-12.8 6.4-12.8 12.8v198.4c0 6.4 6.4 12.8 12.8 12.8zm96 0h22.4c6.4 0 12.8-6.4 12.8-12.8V204.8c0-6.4-6.4-12.8-12.8-12.8h-22.4c-6.4 0-12.8 6.4-12.8 12.8v134.4c0 6.4 6.4 12.8 12.8 12.8zM496 400H48V80c0-8.84-7.16-16-16-16H16C7.16 64 0 71.16 0 80v336c0 17.67 14.33 32 32 32h464c8.84 0 16-7.16 16-16v-16c0-8.84-7.16-16-16-16zm-387.2-48h22.4c6.4 0 12.8-6.4 12.8-12.8v-70.4c0-6.4-6.4-12.8-12.8-12.8h-22.4c-6.4 0-12.8 6.4-12.8 12.8v70.4c0 6.4 6.4 12.8 12.8 12.8z\" class=\"\"><\/path><\/svg><\/i> <img loading=\"lazy\" decoding=\"async\" width=\"16\" height=\"16\" alt=\"Loading\" src=\"https:\/\/masken-info.ch\/wp-content\/plugins\/page-views-count\/ajax-loader-2x.gif\" border=0 \/><\/p>\n<div class=\"pvc_clear\"><\/div>\n","protected":false},"author":1,"featured_media":0,"parent":0,"menu_order":0,"comment_status":"closed","ping_status":"closed","template":"","meta":{"footnotes":""},"class_list":["post-2","page","type-page","status-publish","hentry"],"a3_pvc":{"activated":true,"total_views":27089,"today_views":0},"yoast_head":"<!-- This site is optimized with the Yoast SEO plugin v27.5 - https:\/\/yoast.com\/product\/yoast-seo-wordpress\/ -->\n<title>Masken sind nachweislich unn\u00fctz und gef\u00e4hrden die Gesundheit, v.a. von Kindern - Masken-Info<\/title>\n<meta name=\"robots\" content=\"index, follow, max-snippet:-1, max-image-preview:large, max-video-preview:-1\" \/>\n<link rel=\"canonical\" href=\"https:\/\/masken-info.ch\/\" \/>\n<meta property=\"og:locale\" content=\"de_DE\" \/>\n<meta property=\"og:type\" content=\"article\" \/>\n<meta property=\"og:title\" content=\"Masken sind nachweislich unn\u00fctz und gef\u00e4hrden die Gesundheit, v.a. von Kindern - Masken-Info\" \/>\n<meta property=\"og:description\" content=\"Ab Januar 2021 gilt in vielen Kantonen wieder Maskenpflicht an den Schulen. Nun ab 1. Klasse, f\u00fcr 7-J\u00e4hrige. Die Regierung scheint dem Motto zu folgen: &#171;Wenn es nichts n\u00fctzt machen wir noch mehr davon.&#187; Eine wissenschaftliche Basis fehlte von Anfang an. Der Aargauer Regierungsrat H\u00fcrzeler bringt die diebez\u00fcgliche Hilflosigkeit der Regierungen, den Nutzen der Maskenpflicht &hellip; Masken sind nachweislich unn\u00fctz und gef\u00e4hrden die Gesundheit, v.a. von Kindern weiterlesen\" \/>\n<meta property=\"og:url\" content=\"https:\/\/masken-info.ch\/\" \/>\n<meta property=\"og:site_name\" content=\"Masken-Info\" \/>\n<meta property=\"article:modified_time\" content=\"2022-01-11T22:09:03+00:00\" \/>\n<meta name=\"twitter:card\" content=\"summary_large_image\" \/>\n<meta name=\"twitter:label1\" content=\"Gesch\u00e4tzte Lesezeit\" \/>\n\t<meta name=\"twitter:data1\" content=\"2\u00a0Minuten\" \/>\n<script type=\"application\/ld+json\" class=\"yoast-schema-graph\">{\"@context\":\"https:\\\/\\\/schema.org\",\"@graph\":[{\"@type\":\"WebPage\",\"@id\":\"https:\\\/\\\/masken-info.ch\\\/\",\"url\":\"https:\\\/\\\/masken-info.ch\\\/\",\"name\":\"Masken sind nachweislich unn\u00fctz und gef\u00e4hrden die Gesundheit, v.a. von Kindern - Masken-Info\",\"isPartOf\":{\"@id\":\"https:\\\/\\\/masken-info.ch\\\/#website\"},\"datePublished\":\"2020-10-29T20:16:17+00:00\",\"dateModified\":\"2022-01-11T22:09:03+00:00\",\"breadcrumb\":{\"@id\":\"https:\\\/\\\/masken-info.ch\\\/#breadcrumb\"},\"inLanguage\":\"de-CH\",\"potentialAction\":[{\"@type\":\"ReadAction\",\"target\":[\"https:\\\/\\\/masken-info.ch\\\/\"]}]},{\"@type\":\"BreadcrumbList\",\"@id\":\"https:\\\/\\\/masken-info.ch\\\/#breadcrumb\",\"itemListElement\":[{\"@type\":\"ListItem\",\"position\":1,\"name\":\"Home\",\"item\":\"https:\\\/\\\/masken-info.ch\\\/\"},{\"@type\":\"ListItem\",\"position\":2,\"name\":\"Masken sind nachweislich unn\u00fctz und gef\u00e4hrden die Gesundheit, v.a. von Kindern\"}]},{\"@type\":\"WebSite\",\"@id\":\"https:\\\/\\\/masken-info.ch\\\/#website\",\"url\":\"https:\\\/\\\/masken-info.ch\\\/\",\"name\":\"Masken-Info\",\"description\":\"Informationen gegen Maskenzwang an Schulen\",\"publisher\":{\"@id\":\"https:\\\/\\\/masken-info.ch\\\/#organization\"},\"potentialAction\":[{\"@type\":\"SearchAction\",\"target\":{\"@type\":\"EntryPoint\",\"urlTemplate\":\"https:\\\/\\\/masken-info.ch\\\/?s={search_term_string}\"},\"query-input\":{\"@type\":\"PropertyValueSpecification\",\"valueRequired\":true,\"valueName\":\"search_term_string\"}}],\"inLanguage\":\"de-CH\"},{\"@type\":\"Organization\",\"@id\":\"https:\\\/\\\/masken-info.ch\\\/#organization\",\"name\":\"Masken-Info\",\"url\":\"https:\\\/\\\/masken-info.ch\\\/\",\"logo\":{\"@type\":\"ImageObject\",\"inLanguage\":\"de-CH\",\"@id\":\"https:\\\/\\\/masken-info.ch\\\/#\\\/schema\\\/logo\\\/image\\\/\",\"url\":\"https:\\\/\\\/masken-info.ch\\\/wp-content\\\/uploads\\\/2022\\\/01\\\/cropped-Masken-Info.png\",\"contentUrl\":\"https:\\\/\\\/masken-info.ch\\\/wp-content\\\/uploads\\\/2022\\\/01\\\/cropped-Masken-Info.png\",\"width\":248,\"height\":139,\"caption\":\"Masken-Info\"},\"image\":{\"@id\":\"https:\\\/\\\/masken-info.ch\\\/#\\\/schema\\\/logo\\\/image\\\/\"}}]}<\/script>\n<!-- \/ Yoast SEO plugin. -->","yoast_head_json":{"title":"Masken sind nachweislich unn\u00fctz und gef\u00e4hrden die Gesundheit, v.a. von Kindern - Masken-Info","robots":{"index":"index","follow":"follow","max-snippet":"max-snippet:-1","max-image-preview":"max-image-preview:large","max-video-preview":"max-video-preview:-1"},"canonical":"https:\/\/masken-info.ch\/","og_locale":"de_DE","og_type":"article","og_title":"Masken sind nachweislich unn\u00fctz und gef\u00e4hrden die Gesundheit, v.a. von Kindern - Masken-Info","og_description":"Ab Januar 2021 gilt in vielen Kantonen wieder Maskenpflicht an den Schulen. Nun ab 1. Klasse, f\u00fcr 7-J\u00e4hrige. Die Regierung scheint dem Motto zu folgen: &#171;Wenn es nichts n\u00fctzt machen wir noch mehr davon.&#187; Eine wissenschaftliche Basis fehlte von Anfang an. Der Aargauer Regierungsrat H\u00fcrzeler bringt die diebez\u00fcgliche Hilflosigkeit der Regierungen, den Nutzen der Maskenpflicht &hellip; Masken sind nachweislich unn\u00fctz und gef\u00e4hrden die Gesundheit, v.a. von Kindern weiterlesen","og_url":"https:\/\/masken-info.ch\/","og_site_name":"Masken-Info","article_modified_time":"2022-01-11T22:09:03+00:00","twitter_card":"summary_large_image","twitter_misc":{"Gesch\u00e4tzte Lesezeit":"2\u00a0Minuten"},"schema":{"@context":"https:\/\/schema.org","@graph":[{"@type":"WebPage","@id":"https:\/\/masken-info.ch\/","url":"https:\/\/masken-info.ch\/","name":"Masken sind nachweislich unn\u00fctz und gef\u00e4hrden die Gesundheit, v.a. von Kindern - Masken-Info","isPartOf":{"@id":"https:\/\/masken-info.ch\/#website"},"datePublished":"2020-10-29T20:16:17+00:00","dateModified":"2022-01-11T22:09:03+00:00","breadcrumb":{"@id":"https:\/\/masken-info.ch\/#breadcrumb"},"inLanguage":"de-CH","potentialAction":[{"@type":"ReadAction","target":["https:\/\/masken-info.ch\/"]}]},{"@type":"BreadcrumbList","@id":"https:\/\/masken-info.ch\/#breadcrumb","itemListElement":[{"@type":"ListItem","position":1,"name":"Home","item":"https:\/\/masken-info.ch\/"},{"@type":"ListItem","position":2,"name":"Masken sind nachweislich unn\u00fctz und gef\u00e4hrden die Gesundheit, v.a. von Kindern"}]},{"@type":"WebSite","@id":"https:\/\/masken-info.ch\/#website","url":"https:\/\/masken-info.ch\/","name":"Masken-Info","description":"Informationen gegen Maskenzwang an Schulen","publisher":{"@id":"https:\/\/masken-info.ch\/#organization"},"potentialAction":[{"@type":"SearchAction","target":{"@type":"EntryPoint","urlTemplate":"https:\/\/masken-info.ch\/?s={search_term_string}"},"query-input":{"@type":"PropertyValueSpecification","valueRequired":true,"valueName":"search_term_string"}}],"inLanguage":"de-CH"},{"@type":"Organization","@id":"https:\/\/masken-info.ch\/#organization","name":"Masken-Info","url":"https:\/\/masken-info.ch\/","logo":{"@type":"ImageObject","inLanguage":"de-CH","@id":"https:\/\/masken-info.ch\/#\/schema\/logo\/image\/","url":"https:\/\/masken-info.ch\/wp-content\/uploads\/2022\/01\/cropped-Masken-Info.png","contentUrl":"https:\/\/masken-info.ch\/wp-content\/uploads\/2022\/01\/cropped-Masken-Info.png","width":248,"height":139,"caption":"Masken-Info"},"image":{"@id":"https:\/\/masken-info.ch\/#\/schema\/logo\/image\/"}}]}},"jetpack_sharing_enabled":true,"_links":{"self":[{"href":"https:\/\/masken-info.ch\/index.php\/wp-json\/wp\/v2\/pages\/2","targetHints":{"allow":["GET"]}}],"collection":[{"href":"https:\/\/masken-info.ch\/index.php\/wp-json\/wp\/v2\/pages"}],"about":[{"href":"https:\/\/masken-info.ch\/index.php\/wp-json\/wp\/v2\/types\/page"}],"author":[{"embeddable":true,"href":"https:\/\/masken-info.ch\/index.php\/wp-json\/wp\/v2\/users\/1"}],"replies":[{"embeddable":true,"href":"https:\/\/masken-info.ch\/index.php\/wp-json\/wp\/v2\/comments?post=2"}],"version-history":[{"count":12,"href":"https:\/\/masken-info.ch\/index.php\/wp-json\/wp\/v2\/pages\/2\/revisions"}],"predecessor-version":[{"id":208,"href":"https:\/\/masken-info.ch\/index.php\/wp-json\/wp\/v2\/pages\/2\/revisions\/208"}],"wp:attachment":[{"href":"https:\/\/masken-info.ch\/index.php\/wp-json\/wp\/v2\/media?parent=2"}],"curies":[{"name":"wp","href":"https:\/\/api.w.org\/{rel}","templated":true}]}}